{"id":1239,"date":"2022-04-14T15:41:01","date_gmt":"2022-04-14T13:41:01","guid":{"rendered":"https:\/\/www.vinnysklep-klimkovice.com\/?page_id=1239"},"modified":"2022-06-22T15:22:49","modified_gmt":"2022-06-22T13:22:49","slug":"fotogalerie","status":"publish","type":"page","link":"https:\/\/www.vinnysklep-klimkovice.com\/?page_id=1239","title":{"rendered":"Fotogalerie"},"content":{"rendered":"\n<div class=\"wp-block-stackable-columns stk-block-columns stk-block stk-20a0836\" data-block-id=\"20a0836\"><style>.stk-20a0836{min-height:0px !important;margin-bottom:0px !important}.stk-20a0836-column{--stk-column-gap:0px !important;row-gap:0px !important}<\/style><div class=\"stk-row stk-inner-blocks stk-block-content stk-content-align stk-20a0836-column\">\n<div class=\"wp-block-stackable-column stk-block-column stk-column stk-block stk-4d0c4f6\" data-block-id=\"4d0c4f6\"><style>@media screen and (min-width:690px){.stk-4d0c4f6{flex:1 1 calc(38% - var(--stk-column-gap,0px) * 2 \/ 3 ) !important}}.stk-4d0c4f6 .stk-block-column__content{display:flex !important}.stk-4d0c4f6 .stk-block-column__content{align-items:center !important}<\/style><div class=\"stk-column-wrapper stk-block-column__content stk-container stk-4d0c4f6-container stk--no-background stk--no-padding\"><div class=\"stk-block-content stk-inner-blocks\">\n<div class=\"wp-block-stackable-divider stk-block-divider stk-block stk-c1e4c42\" data-block-id=\"c1e4c42\"><style>.stk-c1e4c42 hr.stk-block-divider__hr{width:100% !important}<\/style><hr class=\"stk-block-divider__hr\"\/><\/div>\n<\/div><\/div><\/div>\n\n\n\n<div class=\"wp-block-stackable-column stk-block-column stk-column stk-block stk-9f3e064\" data-block-id=\"9f3e064\"><style>@media screen and (min-width:690px){.stk-9f3e064{flex:1 1 calc(24% - var(--stk-column-gap,0px) * 2 \/ 3 ) !important}}.stk-9f3e064-container{margin-top:0px !important;margin-right:0px !important;margin-bottom:0px !important;margin-left:0px !important}<\/style><div class=\"stk-column-wrapper stk-block-column__content stk-container stk-9f3e064-container stk--no-background stk--no-padding\"><div class=\"has-text-align-center stk-block-content stk-inner-blocks\">\n<div class=\"wp-block-stackable-heading stk-block-heading stk-block stk-034f388\" data-block-id=\"034f388\"><style>.stk-034f388{margin-bottom:0px !important}.stk-034f388 .stk-block-heading__text{color:var(--theme-palette-color-4,#111518) !important}<\/style><h1 class=\"stk-block-heading__text has-text-color has-palette-color-4-color has-text-align-center\">Fotogalerie<\/h1><\/div>\n<\/div><\/div><\/div>\n\n\n\n<div class=\"wp-block-stackable-column stk-block-column stk-column stk-block stk-168b7d4\" data-block-id=\"168b7d4\"><style>@media screen and (min-width:690px){.stk-168b7d4{flex:1 1 calc(38% - var(--stk-column-gap,0px) * 2 \/ 3 ) !important}}.stk-168b7d4 .stk-block-column__content{display:flex !important}.stk-168b7d4 .stk-block-column__content{align-items:center !important}<\/style><div class=\"stk-column-wrapper stk-block-column__content stk-container stk-168b7d4-container stk--no-background stk--no-padding\"><div class=\"stk-block-content stk-inner-blocks\">\n<div class=\"wp-block-stackable-divider stk-block-divider stk-block stk-a0aec28\" data-block-id=\"a0aec28\"><style>.stk-a0aec28 hr.stk-block-divider__hr{width:100% !important}<\/style><hr class=\"stk-block-divider__hr\"\/><\/div>\n<\/div><\/div><\/div>\n<\/div><\/div>\n\n\n\n<div class=\"wp-block-stackable-heading stk-block-heading stk-block stk-cc74296\" data-block-id=\"cc74296\"><style>.stk-cc74296{margin-top:-80px !important;margin-bottom:74px !important}@media screen and (max-width:689px){.stk-cc74296{margin-top:-60px !important;margin-bottom:74px !important}}.stk-cc74296 .stk-block-heading__text{color:var(--theme-palette-color-1,#a8977b) !important}<\/style><h6 class=\"stk-block-heading__text has-text-color has-palette-color-1-color has-text-align-center\">Z\u00e1bava, radost a sm\u00edch v barv\u00e1ch<\/h6><\/div>\n\n\n\n<div class=\"wp-block-stackable-columns stk-block-columns stk-block stk-ef20be7\" data-block-id=\"ef20be7\"><div class=\"stk-row stk-inner-blocks stk-block-content stk-content-align stk-ef20be7-column\">\n<div class=\"wp-block-stackable-column stk-block-column stk-column stk-block stk-caa442f\" data-block-id=\"caa442f\"><div class=\"stk-column-wrapper stk-block-column__content stk-container stk-caa442f-container stk--no-background stk--no-padding\"><div class=\"stk-block-content stk-inner-blocks\"><style type=\"text\/css\" scoped>.rbs_gallery_6a0447fea7137Spinner{\r\n\t\t\t\tmargin: 50px auto;\r\n\t\t\t\twidth: 50px;\r\n\t\t\t\theight: 40px;\r\n\t\t\t\ttext-align: center;\r\n\t\t\t\tfont-size: 10px;\r\n\t\t\t}\r\n\t\t\t.rbs_gallery_6a0447fea7137Spinner > div{\r\n\t\t\t  background-color: #333;\r\n\t\t\t  height: 100%;\r\n\t\t\t  width: 6px;\r\n\t\t\t  display: inline-block;\r\n\t\t\t  -webkit-animation: rbs_gallery_6a0447fea7137-stretchdelay 1.2s infinite ease-in-out;\r\n\t\t\t  animation: rbs_gallery_6a0447fea7137-stretchdelay 1.2s infinite ease-in-out;\r\n\t\t\t}\r\n\t\t\t.rbs_gallery_6a0447fea7137Spinner .rbs_gallery_6a0447fea7137Rect2 {\r\n\t\t\t  -webkit-animation-delay: -1.1s;\r\n\t\t\t  animation-delay: -1.1s;\r\n\t\t\t}\r\n\t\t\t.rbs_gallery_6a0447fea7137Spinner .rbs_gallery_6a0447fea7137Rect3 {\r\n\t\t\t  -webkit-animation-delay: -1.0s;\r\n\t\t\t  animation-delay: -1.0s;\r\n\t\t\t}\r\n\t\t\t.rbs_gallery_6a0447fea7137Spinner .rbs_gallery_6a0447fea7137Rect4 {\r\n\t\t\t  -webkit-animation-delay: -0.9s;\r\n\t\t\t  animation-delay: -0.9s;\r\n\t\t\t}\r\n\t\t\t.rbs_gallery_6a0447fea7137Spinner .rbs_gallery_6a0447fea7137Rect5 {\r\n\t\t\t  -webkit-animation-delay: -0.8s;\r\n\t\t\t  animation-delay: -0.8s;\r\n\t\t\t}\r\n\t\t\t@-webkit-keyframes rbs_gallery_6a0447fea7137-stretchdelay {\r\n\t\t\t  0%, 40%, 100% { -webkit-transform: scaleY(0.4) }  \r\n\t\t\t  20% { -webkit-transform: scaleY(1.0) }\r\n\t\t\t}\r\n\t\t\t@keyframes rbs_gallery_6a0447fea7137-stretchdelay {\r\n\t\t\t  0%, 40%, 100% { \r\n\t\t\t    transform: scaleY(0.4);\r\n\t\t\t    -webkit-transform: scaleY(0.4);\r\n\t\t\t  }  20% { \r\n\t\t\t    transform: scaleY(1.0);\r\n\t\t\t    -webkit-transform: scaleY(1.0);\r\n\t\t\t  }\r\n\t\t\t}\r\n\t\t<\/style><div class=\"robo-gallery-wrap robo-gallery-wrap-id1799 robo-gallery-mosaic\" ><div id=\"rbs_gallery_6a0447fea7137-block-loader\" class=\"rbs_gallery_6a0447fea7137Spinner\"><div class=\"rbs_gallery_6a0447fea7137Rect1\"><\/div> <div class=\"rbs_gallery_6a0447fea7137Rect2\"><\/div> <div class=\"rbs_gallery_6a0447fea7137Rect3\"><\/div> <div class=\"rbs_gallery_6a0447fea7137Rect4\"><\/div> <div class=\"rbs_gallery_6a0447fea7137Rect5\"><\/div><\/div><div id=\"robo_gallery_main_block_rbs_gallery_6a0447fea7137\" class=\"robogallery-gallery-1799\" style=\"width:100%;  display: none;\"><div id=\"rbs_gallery_6a0447fea7137\" data-options=\"rbs_gallery_6a0447fea7137\" style=\"width:100%;\" class=\"robo_gallery  \"><div class=\"rbs-img  category1799 \"  data-columns=\"4\" ><div class=\"rbs-img-image   rbs-lightbox \" ><div class=\"rbs-img-thumbs\"  data-thumbnail=\"https:\/\/www.vinnysklep-klimkovice.com\/wp-content\/uploads\/2022\/06\/01.jpg\"  title=\"01\"  data-width=\"640\"  data-height=\"480\" ><\/div><div class=\"rbs-img-data-popup\"  data-popup=\"https:\/\/www.vinnysklep-klimkovice.com\/wp-content\/uploads\/2022\/06\/01.jpg\"  title=\"01\" ><\/div><div class=\"thumbnail-overlay\"><div class=\"rbsIcons\"><i class=\"fa fa-image rbsZoomIcon \" ><\/i><\/div><\/div><\/div><\/div><div class=\"rbs-img  category1799 \" ><div class=\"rbs-img-image   rbs-lightbox \" ><div class=\"rbs-img-thumbs\"  data-thumbnail=\"https:\/\/www.vinnysklep-klimkovice.com\/wp-content\/uploads\/2022\/06\/02.jpg\"  title=\"02\"  data-width=\"640\"  data-height=\"480\" ><\/div><div class=\"rbs-img-data-popup\"  data-popup=\"https:\/\/www.vinnysklep-klimkovice.com\/wp-content\/uploads\/2022\/06\/02.jpg\"  title=\"02\" ><\/div><div class=\"thumbnail-overlay\"><div class=\"rbsIcons\"><i class=\"fa fa-image rbsZoomIcon \" ><\/i><\/div><\/div><\/div><\/div><div class=\"rbs-img  category1799 \" ><div class=\"rbs-img-image   rbs-lightbox \" ><div class=\"rbs-img-thumbs\"  data-thumbnail=\"https:\/\/www.vinnysklep-klimkovice.com\/wp-content\/uploads\/2022\/06\/03.jpg\"  title=\"03\"  data-width=\"640\"  data-height=\"480\" ><\/div><div class=\"rbs-img-data-popup\"  data-popup=\"https:\/\/www.vinnysklep-klimkovice.com\/wp-content\/uploads\/2022\/06\/03.jpg\"  title=\"03\" ><\/div><div class=\"thumbnail-overlay\"><div class=\"rbsIcons\"><i class=\"fa fa-image rbsZoomIcon \" ><\/i><\/div><\/div><\/div><\/div><div class=\"rbs-img  category1799 \" ><div class=\"rbs-img-image   rbs-lightbox \" ><div class=\"rbs-img-thumbs\"  data-thumbnail=\"https:\/\/www.vinnysklep-klimkovice.com\/wp-content\/uploads\/2022\/06\/04.jpg\"  title=\"04\"  data-width=\"640\"  data-height=\"480\" ><\/div><div class=\"rbs-img-data-popup\"  data-popup=\"https:\/\/www.vinnysklep-klimkovice.com\/wp-content\/uploads\/2022\/06\/04.jpg\"  title=\"04\" ><\/div><div class=\"thumbnail-overlay\"><div class=\"rbsIcons\"><i class=\"fa fa-image rbsZoomIcon \" ><\/i><\/div><\/div><\/div><\/div><div class=\"rbs-img  category1799 \"  data-columns=\"3\" ><div class=\"rbs-img-image   rbs-lightbox \" ><div class=\"rbs-img-thumbs\"  data-thumbnail=\"https:\/\/www.vinnysklep-klimkovice.com\/wp-content\/uploads\/2022\/06\/05.jpg\"  title=\"05\"  data-width=\"640\"  data-height=\"480\" ><\/div><div class=\"rbs-img-data-popup\"  data-popup=\"https:\/\/www.vinnysklep-klimkovice.com\/wp-content\/uploads\/2022\/06\/05.jpg\"  title=\"05\" ><\/div><div class=\"thumbnail-overlay\"><div class=\"rbsIcons\"><i class=\"fa fa-image rbsZoomIcon \" ><\/i><\/div><\/div><\/div><\/div><div class=\"rbs-img  category1799 \" ><div class=\"rbs-img-image   rbs-lightbox \" ><div class=\"rbs-img-thumbs\"  data-thumbnail=\"https:\/\/www.vinnysklep-klimkovice.com\/wp-content\/uploads\/2022\/06\/06.jpg\"  title=\"06\"  data-width=\"480\"  data-height=\"640\" ><\/div><div class=\"rbs-img-data-popup\"  data-popup=\"https:\/\/www.vinnysklep-klimkovice.com\/wp-content\/uploads\/2022\/06\/06.jpg\"  title=\"06\" ><\/div><div class=\"thumbnail-overlay\"><div class=\"rbsIcons\"><i class=\"fa fa-image rbsZoomIcon \" ><\/i><\/div><\/div><\/div><\/div><div class=\"rbs-img  category1799 \" ><div class=\"rbs-img-image   rbs-lightbox \" ><div class=\"rbs-img-thumbs\"  data-thumbnail=\"https:\/\/www.vinnysklep-klimkovice.com\/wp-content\/uploads\/2022\/06\/07.jpg\"  title=\"07\"  data-width=\"640\"  data-height=\"480\" ><\/div><div class=\"rbs-img-data-popup\"  data-popup=\"https:\/\/www.vinnysklep-klimkovice.com\/wp-content\/uploads\/2022\/06\/07.jpg\"  title=\"07\" ><\/div><div class=\"thumbnail-overlay\"><div class=\"rbsIcons\"><i class=\"fa fa-image rbsZoomIcon \" ><\/i><\/div><\/div><\/div><\/div><div class=\"rbs-img  category1799 \" ><div class=\"rbs-img-image   rbs-lightbox \" ><div class=\"rbs-img-thumbs\"  data-thumbnail=\"https:\/\/www.vinnysklep-klimkovice.com\/wp-content\/uploads\/2022\/06\/08.jpg\"  title=\"08\"  data-width=\"480\"  data-height=\"640\" ><\/div><div class=\"rbs-img-data-popup\"  data-popup=\"https:\/\/www.vinnysklep-klimkovice.com\/wp-content\/uploads\/2022\/06\/08.jpg\"  title=\"08\" ><\/div><div class=\"thumbnail-overlay\"><div class=\"rbsIcons\"><i class=\"fa fa-image rbsZoomIcon \" ><\/i><\/div><\/div><\/div><\/div><div class=\"rbs-img  category1799 \" ><div class=\"rbs-img-image   rbs-lightbox \" ><div class=\"rbs-img-thumbs\"  data-thumbnail=\"https:\/\/www.vinnysklep-klimkovice.com\/wp-content\/uploads\/2022\/06\/09.jpg\"  title=\"09\"  data-width=\"640\"  data-height=\"480\" ><\/div><div class=\"rbs-img-data-popup\"  data-popup=\"https:\/\/www.vinnysklep-klimkovice.com\/wp-content\/uploads\/2022\/06\/09.jpg\"  title=\"09\" ><\/div><div class=\"thumbnail-overlay\"><div class=\"rbsIcons\"><i class=\"fa fa-image rbsZoomIcon \" ><\/i><\/div><\/div><\/div><\/div><div class=\"rbs-img  category1799 \"  data-columns=\"2\" ><div class=\"rbs-img-image   rbs-lightbox \" ><div class=\"rbs-img-thumbs\"  data-thumbnail=\"https:\/\/www.vinnysklep-klimkovice.com\/wp-content\/uploads\/2022\/06\/10.jpg\"  title=\"10\"  data-width=\"640\"  data-height=\"480\" ><\/div><div class=\"rbs-img-data-popup\"  data-popup=\"https:\/\/www.vinnysklep-klimkovice.com\/wp-content\/uploads\/2022\/06\/10.jpg\"  title=\"10\" ><\/div><div class=\"thumbnail-overlay\"><div class=\"rbsIcons\"><i class=\"fa fa-image rbsZoomIcon \" ><\/i><\/div><\/div><\/div><\/div><div class=\"rbs-img  category1799 \" ><div class=\"rbs-img-image   rbs-lightbox \" ><div class=\"rbs-img-thumbs\"  data-thumbnail=\"https:\/\/www.vinnysklep-klimkovice.com\/wp-content\/uploads\/2022\/06\/11.jpg\"  title=\"11\"  data-width=\"640\"  data-height=\"480\" ><\/div><div class=\"rbs-img-data-popup\"  data-popup=\"https:\/\/www.vinnysklep-klimkovice.com\/wp-content\/uploads\/2022\/06\/11.jpg\"  title=\"11\" ><\/div><div class=\"thumbnail-overlay\"><div class=\"rbsIcons\"><i class=\"fa fa-image rbsZoomIcon \" ><\/i><\/div><\/div><\/div><\/div><div class=\"rbs-img  category1799 \" ><div class=\"rbs-img-image   rbs-lightbox \" ><div class=\"rbs-img-thumbs\"  data-thumbnail=\"https:\/\/www.vinnysklep-klimkovice.com\/wp-content\/uploads\/2022\/06\/12.jpg\"  title=\"12\"  data-width=\"640\"  data-height=\"480\" ><\/div><div class=\"rbs-img-data-popup\"  data-popup=\"https:\/\/www.vinnysklep-klimkovice.com\/wp-content\/uploads\/2022\/06\/12.jpg\"  title=\"12\" ><\/div><div class=\"thumbnail-overlay\"><div class=\"rbsIcons\"><i class=\"fa fa-image rbsZoomIcon \" ><\/i><\/div><\/div><\/div><\/div><div class=\"rbs-img  category1799 \"  data-columns=\"4\" ><div class=\"rbs-img-image   rbs-lightbox \" ><div class=\"rbs-img-thumbs\"  data-thumbnail=\"https:\/\/www.vinnysklep-klimkovice.com\/wp-content\/uploads\/2022\/06\/13.jpg\"  title=\"13\"  data-width=\"640\"  data-height=\"480\" ><\/div><div class=\"rbs-img-data-popup\"  data-popup=\"https:\/\/www.vinnysklep-klimkovice.com\/wp-content\/uploads\/2022\/06\/13.jpg\"  title=\"13\" ><\/div><div class=\"thumbnail-overlay\"><div class=\"rbsIcons\"><i class=\"fa fa-image rbsZoomIcon \" ><\/i><\/div><\/div><\/div><\/div><div class=\"rbs-img  category1799 \" ><div class=\"rbs-img-image   rbs-lightbox \" ><div class=\"rbs-img-thumbs\"  data-thumbnail=\"https:\/\/www.vinnysklep-klimkovice.com\/wp-content\/uploads\/2022\/06\/14.jpg\"  title=\"14\"  data-width=\"640\"  data-height=\"480\" ><\/div><div class=\"rbs-img-data-popup\"  data-popup=\"https:\/\/www.vinnysklep-klimkovice.com\/wp-content\/uploads\/2022\/06\/14.jpg\"  title=\"14\" ><\/div><div class=\"thumbnail-overlay\"><div class=\"rbsIcons\"><i class=\"fa fa-image rbsZoomIcon \" ><\/i><\/div><\/div><\/div><\/div><div class=\"rbs-img  category1799 \" ><div class=\"rbs-img-image   rbs-lightbox \" ><div class=\"rbs-img-thumbs\"  data-thumbnail=\"https:\/\/www.vinnysklep-klimkovice.com\/wp-content\/uploads\/2022\/06\/15.jpg\"  title=\"15\"  data-width=\"640\"  data-height=\"480\" ><\/div><div class=\"rbs-img-data-popup\"  data-popup=\"https:\/\/www.vinnysklep-klimkovice.com\/wp-content\/uploads\/2022\/06\/15.jpg\"  title=\"15\" ><\/div><div class=\"thumbnail-overlay\"><div class=\"rbsIcons\"><i class=\"fa fa-image rbsZoomIcon \" ><\/i><\/div><\/div><\/div><\/div><div class=\"rbs-img  category1799 \" ><div class=\"rbs-img-image   rbs-lightbox \" ><div class=\"rbs-img-thumbs\"  data-thumbnail=\"https:\/\/www.vinnysklep-klimkovice.com\/wp-content\/uploads\/2022\/06\/16.jpg\"  title=\"16\"  data-width=\"480\"  data-height=\"640\" ><\/div><div class=\"rbs-img-data-popup\"  data-popup=\"https:\/\/www.vinnysklep-klimkovice.com\/wp-content\/uploads\/2022\/06\/16.jpg\"  title=\"16\" ><\/div><div class=\"thumbnail-overlay\"><div class=\"rbsIcons\"><i class=\"fa fa-image rbsZoomIcon \" ><\/i><\/div><\/div><\/div><\/div><div class=\"rbs-img  category1799 \" ><div class=\"rbs-img-image   rbs-lightbox \" ><div class=\"rbs-img-thumbs\"  data-thumbnail=\"https:\/\/www.vinnysklep-klimkovice.com\/wp-content\/uploads\/2022\/06\/17.jpg\"  title=\"17\"  data-width=\"640\"  data-height=\"480\" ><\/div><div class=\"rbs-img-data-popup\"  data-popup=\"https:\/\/www.vinnysklep-klimkovice.com\/wp-content\/uploads\/2022\/06\/17.jpg\"  title=\"17\" ><\/div><div class=\"thumbnail-overlay\"><div class=\"rbsIcons\"><i class=\"fa fa-image rbsZoomIcon \" ><\/i><\/div><\/div><\/div><\/div><div class=\"rbs-img  category1799 \" ><div class=\"rbs-img-image   rbs-lightbox \" ><div class=\"rbs-img-thumbs\"  data-thumbnail=\"https:\/\/www.vinnysklep-klimkovice.com\/wp-content\/uploads\/2022\/06\/18.jpg\"  title=\"18\"  data-width=\"640\"  data-height=\"360\" ><\/div><div class=\"rbs-img-data-popup\"  data-popup=\"https:\/\/www.vinnysklep-klimkovice.com\/wp-content\/uploads\/2022\/06\/18.jpg\"  title=\"18\" ><\/div><div class=\"thumbnail-overlay\"><div class=\"rbsIcons\"><i class=\"fa fa-image rbsZoomIcon \" ><\/i><\/div><\/div><\/div><\/div><div class=\"rbs-img  category1799 \" ><div class=\"rbs-img-image   rbs-lightbox \" ><div class=\"rbs-img-thumbs\"  data-thumbnail=\"https:\/\/www.vinnysklep-klimkovice.com\/wp-content\/uploads\/2022\/06\/19.jpg\"  title=\"19\"  data-width=\"640\"  data-height=\"360\" ><\/div><div class=\"rbs-img-data-popup\"  data-popup=\"https:\/\/www.vinnysklep-klimkovice.com\/wp-content\/uploads\/2022\/06\/19.jpg\"  title=\"19\" ><\/div><div class=\"thumbnail-overlay\"><div class=\"rbsIcons\"><i class=\"fa fa-image rbsZoomIcon \" ><\/i><\/div><\/div><\/div><\/div><div class=\"rbs-img  category1799 \"  data-columns=\"4\" ><div class=\"rbs-img-image   rbs-lightbox \" ><div class=\"rbs-img-thumbs\"  data-thumbnail=\"https:\/\/www.vinnysklep-klimkovice.com\/wp-content\/uploads\/2022\/06\/20.jpg\"  title=\"20\"  data-width=\"500\"  data-height=\"333\" ><\/div><div class=\"rbs-img-data-popup\"  data-popup=\"https:\/\/www.vinnysklep-klimkovice.com\/wp-content\/uploads\/2022\/06\/20.jpg\"  title=\"20\" ><\/div><div class=\"thumbnail-overlay\"><div class=\"rbsIcons\"><i class=\"fa fa-image rbsZoomIcon \" ><\/i><\/div><\/div><\/div><\/div><div class=\"rbs-img  category1799 \" ><div class=\"rbs-img-image   rbs-lightbox \" ><div class=\"rbs-img-thumbs\"  data-thumbnail=\"https:\/\/www.vinnysklep-klimkovice.com\/wp-content\/uploads\/2022\/06\/21.jpg\"  title=\"21\"  data-width=\"333\"  data-height=\"500\" ><\/div><div class=\"rbs-img-data-popup\"  data-popup=\"https:\/\/www.vinnysklep-klimkovice.com\/wp-content\/uploads\/2022\/06\/21.jpg\"  title=\"21\" ><\/div><div class=\"thumbnail-overlay\"><div class=\"rbsIcons\"><i class=\"fa fa-image rbsZoomIcon \" ><\/i><\/div><\/div><\/div><\/div><div class=\"rbs-img  category1799 \" ><div class=\"rbs-img-image   rbs-lightbox \" ><div class=\"rbs-img-thumbs\"  data-thumbnail=\"https:\/\/www.vinnysklep-klimkovice.com\/wp-content\/uploads\/2022\/06\/22.jpg\"  title=\"22\"  data-width=\"640\"  data-height=\"480\" ><\/div><div class=\"rbs-img-data-popup\"  data-popup=\"https:\/\/www.vinnysklep-klimkovice.com\/wp-content\/uploads\/2022\/06\/22.jpg\"  title=\"22\" ><\/div><div class=\"thumbnail-overlay\"><div class=\"rbsIcons\"><i class=\"fa fa-image rbsZoomIcon \" ><\/i><\/div><\/div><\/div><\/div><div class=\"rbs-img  category1799 \" ><div class=\"rbs-img-image   rbs-lightbox \" ><div class=\"rbs-img-thumbs\"  data-thumbnail=\"https:\/\/www.vinnysklep-klimkovice.com\/wp-content\/uploads\/2022\/06\/23.jpg\"  title=\"23\"  data-width=\"640\"  data-height=\"480\" ><\/div><div class=\"rbs-img-data-popup\"  data-popup=\"https:\/\/www.vinnysklep-klimkovice.com\/wp-content\/uploads\/2022\/06\/23.jpg\"  title=\"23\" ><\/div><div class=\"thumbnail-overlay\"><div class=\"rbsIcons\"><i class=\"fa fa-image rbsZoomIcon \" ><\/i><\/div><\/div><\/div><\/div><div class=\"rbs-img  category1799 \"  data-columns=\"3\" ><div class=\"rbs-img-image   rbs-lightbox \" ><div class=\"rbs-img-thumbs\"  data-thumbnail=\"https:\/\/www.vinnysklep-klimkovice.com\/wp-content\/uploads\/2022\/06\/24.jpg\"  title=\"24\"  data-width=\"480\"  data-height=\"640\" ><\/div><div class=\"rbs-img-data-popup\"  data-popup=\"https:\/\/www.vinnysklep-klimkovice.com\/wp-content\/uploads\/2022\/06\/24.jpg\"  title=\"24\" ><\/div><div class=\"thumbnail-overlay\"><div class=\"rbsIcons\"><i class=\"fa fa-image rbsZoomIcon \" ><\/i><\/div><\/div><\/div><\/div><div class=\"rbs-img  category1799 \" ><div class=\"rbs-img-image   rbs-lightbox \" ><div class=\"rbs-img-thumbs\"  data-thumbnail=\"https:\/\/www.vinnysklep-klimkovice.com\/wp-content\/uploads\/2022\/06\/25.jpg\"  title=\"25\"  data-width=\"640\"  data-height=\"480\" ><\/div><div class=\"rbs-img-data-popup\"  data-popup=\"https:\/\/www.vinnysklep-klimkovice.com\/wp-content\/uploads\/2022\/06\/25.jpg\"  title=\"25\" ><\/div><div class=\"thumbnail-overlay\"><div class=\"rbsIcons\"><i class=\"fa fa-image rbsZoomIcon \" ><\/i><\/div><\/div><\/div><\/div><div class=\"rbs-img  category1799 \" ><div class=\"rbs-img-image   rbs-lightbox \" ><div class=\"rbs-img-thumbs\"  data-thumbnail=\"https:\/\/www.vinnysklep-klimkovice.com\/wp-content\/uploads\/2022\/06\/26.jpg\"  title=\"26\"  data-width=\"640\"  data-height=\"480\" ><\/div><div class=\"rbs-img-data-popup\"  data-popup=\"https:\/\/www.vinnysklep-klimkovice.com\/wp-content\/uploads\/2022\/06\/26.jpg\"  title=\"26\" ><\/div><div class=\"thumbnail-overlay\"><div class=\"rbsIcons\"><i class=\"fa fa-image rbsZoomIcon \" ><\/i><\/div><\/div><\/div><\/div><div class=\"rbs-img  category1799 \" ><div class=\"rbs-img-image   rbs-lightbox \" ><div class=\"rbs-img-thumbs\"  data-thumbnail=\"https:\/\/www.vinnysklep-klimkovice.com\/wp-content\/uploads\/2022\/06\/27.jpg\"  title=\"27\"  data-width=\"640\"  data-height=\"480\" ><\/div><div class=\"rbs-img-data-popup\"  data-popup=\"https:\/\/www.vinnysklep-klimkovice.com\/wp-content\/uploads\/2022\/06\/27.jpg\"  title=\"27\" ><\/div><div class=\"thumbnail-overlay\"><div class=\"rbsIcons\"><i class=\"fa fa-image rbsZoomIcon \" ><\/i><\/div><\/div><\/div><\/div><div class=\"rbs-img  category1799 \" ><div class=\"rbs-img-image   rbs-lightbox \" ><div class=\"rbs-img-thumbs\"  data-thumbnail=\"https:\/\/www.vinnysklep-klimkovice.com\/wp-content\/uploads\/2022\/06\/28.jpg\"  title=\"28\"  data-width=\"800\"  data-height=\"600\" ><\/div><div class=\"rbs-img-data-popup\"  data-popup=\"https:\/\/www.vinnysklep-klimkovice.com\/wp-content\/uploads\/2022\/06\/28.jpg\"  title=\"28\" ><\/div><div class=\"thumbnail-overlay\"><div class=\"rbsIcons\"><i class=\"fa fa-image rbsZoomIcon \" ><\/i><\/div><\/div><\/div><\/div><div class=\"rbs-img  category1799 \"  data-columns=\"2\" ><div class=\"rbs-img-image   rbs-lightbox \" ><div class=\"rbs-img-thumbs\"  data-thumbnail=\"https:\/\/www.vinnysklep-klimkovice.com\/wp-content\/uploads\/2022\/06\/29.jpg\"  title=\"29\"  data-width=\"800\"  data-height=\"600\" ><\/div><div class=\"rbs-img-data-popup\"  data-popup=\"https:\/\/www.vinnysklep-klimkovice.com\/wp-content\/uploads\/2022\/06\/29.jpg\"  title=\"29\" ><\/div><div class=\"thumbnail-overlay\"><div class=\"rbsIcons\"><i class=\"fa fa-image rbsZoomIcon \" ><\/i><\/div><\/div><\/div><\/div><div class=\"rbs-img  category1799 \" ><div class=\"rbs-img-image   rbs-lightbox \" ><div class=\"rbs-img-thumbs\"  data-thumbnail=\"https:\/\/www.vinnysklep-klimkovice.com\/wp-content\/uploads\/2022\/06\/30.jpg\"  title=\"30\"  data-width=\"800\"  data-height=\"600\" ><\/div><div class=\"rbs-img-data-popup\"  data-popup=\"https:\/\/www.vinnysklep-klimkovice.com\/wp-content\/uploads\/2022\/06\/30.jpg\"  title=\"30\" ><\/div><div class=\"thumbnail-overlay\"><div class=\"rbsIcons\"><i class=\"fa fa-image rbsZoomIcon \" ><\/i><\/div><\/div><\/div><\/div><\/div><\/div><\/div><script>var rbs_gallery_6a0447fea7137 = {\"version\":\"5.1.2\",\"id\":1799,\"class\":\"id1799\",\"roboGalleryDelay\":1000,\"mainContainer\":\"#robo_gallery_main_block_rbs_gallery_6a0447fea7137\",\"loadingContainer\":\"#rbs_gallery_6a0447fea7137-block-loader\",\"loadingContainerObj\":\"rbs_gallery_6a0447fea7137-block-loader\",\"columnWidth\":\"auto\",\"columns\":8,\"resolutions\":[{\"columnWidth\":\"auto\",\"columns\":3,\"maxWidth\":960},{\"columnWidth\":\"auto\",\"columns\":2,\"maxWidth\":650},{\"columnWidth\":\"auto\",\"columns\":1,\"maxWidth\":450}],\"lightboxOptions\":{\"gallery\":{\"enabled\":true,\"tCounter\":\"%curr% of %total%\"}},\"borderSize\":5,\"overlayEffect\":\"direction-aware-fade\",\"boxesToLoadStart\":20,\"boxesToLoad\":8,\"waitUntilThumbLoads\":1,\"LoadingWord\":\"Loading...\",\"loadMoreWord\":\"Load More\",\"noMoreEntriesWord\":\"No More Entries\",\"horizontalSpaceBetweenBoxes\":15,\"verticalSpaceBetweenBoxes\":15,\"lazyLoad\":1,\"wrapContainer\":\"#robo-gallery-wrap-rbs_gallery_6a0447fea7137\"};<\/script>\n<\/div><\/div><\/div>\n<\/div><\/div>\n\n\n\n<div class=\"wp-block-stackable-columns stk-block-columns stk-block stk-e33d490\" data-block-id=\"e33d490\"><div class=\"stk-row stk-inner-blocks stk-block-content stk-content-align stk-e33d490-column\">\n<div class=\"wp-block-stackable-column stk-block-column stk-column stk-block stk-6b6c9a7\" data-block-id=\"6b6c9a7\"><style>@media screen and (max-width:689px){.stk-6b6c9a7{padding-bottom:50px !important}}<\/style><div class=\"stk-column-wrapper stk-block-column__content stk-container stk-6b6c9a7-container stk--no-background stk--no-padding\"><div class=\"stk-block-content stk-inner-blocks\"><\/div><\/div><\/div>\n<\/div><\/div>\n\n\n\n<p><\/p>\n","protected":false},"excerpt":{"rendered":"<p>Fotogalerie Z\u00e1bava, radost a sm\u00edch v barv\u00e1ch<\/p>\n","protected":false},"author":1,"featured_media":0,"parent":0,"menu_order":0,"comment_status":"closed","ping_status":"closed","template":"","meta":{"footnotes":""},"class_list":["post-1239","page","type-page","status-publish","hentry"],"blocksy_meta":{"styles_descriptor":{"styles":{"desktop":"","tablet":"","mobile":""},"google_fonts":[],"version":6}},"publishpress_future_action":{"enabled":false,"date":"2026-05-20 11:44:30","action":"change-status","newStatus":"draft","terms":[],"taxonomy":"","extraData":[]},"publishpress_future_workflow_manual_trigger":{"enabledWorkflows":[]},"post_mailing_queue_ids":[],"_links":{"self":[{"href":"https:\/\/www.vinnysklep-klimkovice.com\/index.php?rest_route=\/wp\/v2\/pages\/1239","targetHints":{"allow":["GET"]}}],"collection":[{"href":"https:\/\/www.vinnysklep-klimkovice.com\/index.php?rest_route=\/wp\/v2\/pages"}],"about":[{"href":"https:\/\/www.vinnysklep-klimkovice.com\/index.php?rest_route=\/wp\/v2\/types\/page"}],"author":[{"embeddable":true,"href":"https:\/\/www.vinnysklep-klimkovice.com\/index.php?rest_route=\/wp\/v2\/users\/1"}],"replies":[{"embeddable":true,"href":"https:\/\/www.vinnysklep-klimkovice.com\/index.php?rest_route=%2Fwp%2Fv2%2Fcomments&post=1239"}],"version-history":[{"count":0,"href":"https:\/\/www.vinnysklep-klimkovice.com\/index.php?rest_route=\/wp\/v2\/pages\/1239\/revisions"}],"wp:attachment":[{"href":"https:\/\/www.vinnysklep-klimkovice.com\/index.php?rest_route=%2Fwp%2Fv2%2Fmedia&parent=1239"}],"curies":[{"name":"wp","href":"https:\/\/api.w.org\/{rel}","templated":true}]}}